ive k(c).
-7
Let k = 15 + -10. Let h(i) = i**3 - 6*i**2 + 6*i - 4. Give h(k).
1
Let y = -7 - -11. Let d(s) = 9*s - 12. Let l(k) = -3*k + 4. Let g be (-3)/12 + (-45)/(-4). Let u(b) = g*l(b) + 4*d(b). What is u(y)?
8
Let b = 69 - 76. Let i(w) = -w**3 - 7*w**2 + 4*w + 2. What is i(b)?
-26
Let h(t) = -2*t. Suppose w - 3 = 3. Suppose -2*x = 2*y - 2, -y - 2*x + w*x - 9 = 0. Determine h(y).
2
Let x be (2/(-2))/((-2)/4). Suppose -y = 2*y - 9. Let f(q) = 3 + y*q + 2*q - q**x + 0 + 4. Calculate f(5).
7
Suppose 17 = 5*v - 3. Let j(n) = 2*n + 3*n - 2 - 1. Let p(k) = -k + 1. Let x(s) = v*p(s) + j(s). Determine x(-6).
-5
Let h(y) = y**2 + y - 8. Let z be (-84)/7*1/2. Give h(z).
22
Let x(r) = r**3 + 5*r**2 + r + 6. Let h = 2 + -1. Let i = h + -6. What is x(i)?
1
Let z(a) = a**3 - 5*a**2 + a + 3. Let i = -3 - -6. Suppose 0 = k - q - 5, -q + i = 2*k + 2. Suppose -5*o = -2*o + k*d - 2, o + 21 = -5*d. Calculate z(o).
-9
Let i be 6/45 - (3304/60)/(-7). Let k(f) = -15*f + 31. Let t(r) = -7*r + 15. Let p(s) = -6*k(s) + 13*t(s). Determine p(i).
1
Let u(y) = y**3 - 4*y**2 + 2*y - 5. Suppose o + 15 = 6*o. Suppose 0*q = 5*g - 5*q - 25, -o = 3*q. Give u(g).
3
Let b(w) = w**3 - 7*w**2 - 8*w + 5. Let u be b(8). Let t be 1/((-8)/(-10))*4. Let i(x) = t*x - 2 + 1 + 0*x - 4*x. Give i(u).
4
Let v(o) = -o**2 - 9*o - 9. Let j = -8 + 1. Let w be v(j). Let b(m) = 2*m - m + 6 - 3*m. What is b(w)?
-4
Let n(w) = -w**2 - 7*w + 11. Let v be n(-8). Suppose -2 = -k + v. Let x(z) = 4*z - 3 - 3 + 4 - k*z. Give x(-6).
4
Let n be -1*(-4 + -2)/3. Let z(u) = 25 - 2*u**n - 3*u + u - 27. Determine z(-2).
-6
Let g(y) = 1 - 5*y + 0*y + 3*y. Let z be g(1). Let j(d) = -9*d + 1. Let h(a) = 46*a - 5. Let n(i) = 2*h(i) + 11*j(i). What is n(z)?
8
Let a(d) = -5*d - 2 - 2 - 3*d + 4*d + d**2. Calculate a(4).
-4
Let r = -8 - -5. Let f be 4/r + (-20)/(-15). Let o(s) = s + 5. Give o(f).
5
Let c(s) = -s**3 - 3*s**2 - 3*s - 3. Let x(z) = z**2 + z - 3. Let t be x(0). Give c(t).
6
Let d(g) = 21*g - 5. Let x(r) be the first derivative of -5*r**2/2 + r - 4. Let l(n) = -2*d(n) - 9*x(n). Give l(1).
4
Let m(s) = s - 2. Let f be m(-4). Let n(b) = -b**3 - 6*b**2 + 2*b + 7. What is n(f)?
-5
Suppose 0 = 5*s - 5, -2*p + 4 - 14 = -4*s. Let i be (-2)/(-8) + p/(-4). Let r(f) = f. Give r(i).
1
Let f(s) = s**3 - s. Suppose 4*o - 3*y = 20, 9*o = 4*o + 2*y + 18. Give f(o).
6
Let u be 2/(-7) - 111/(-21). Let w(g) be the first derivative of g**4/24 - g**2 - 1. Let d(n) be the second derivative of w(n). What is d(u)?
5
Let z(h) = h**3 + 3*h**2 - 4*h - 2. Suppose 0 = -5*w + 3*w - 8. Let t be z(w). Let k(v) = v**2 - v - 1. Determine k(t).
5
Let d(l) be the third derivative of -l**4/24 + 5*l**3/6 - l**2. Suppose -2*v - 3 = q - 0, -v - q - 3 = 0. Determine d(v).
5
Let r = 4 - -1. Let g(f) = 3*f**2 - 6 + 2*f - 4*f**2 + 0*f**2. Let c(h) = h**2 - 3*h + 6. Let q(v) = -5*c(v) - 4*g(v). Calculate q(r).
4
Let j(g) = -g**3 - 10*g**2 - 9*g + 6. Let d be j(-9). Let z(v) = -2*v + 8. Let q(m) = -4*m + 16. Let a(i) = -2*q(i) + 5*z(i). Give a(d).
-4
Let g(a) = a**2 - 4*a - 3. Suppose 14 + 70 = -3*s. Let i be ((-2)/(-4))/(1/s). Let k = -9 - i. Give g(k).
2
Suppose -13*l = -9*l - 28. Let u(q) = -q**2 + 8*q - 9. Give u(l).
-2
Let g(s) = s - 1. Suppose -6 - 24 = 3*n. Let q be 4/n*20/(-2). Let l(r) = r**3 - 3*r**2 - 2*r - 4. Let v be l(q). Determine g(v).
3
Let f be (28/(-35))/((-1)/5). Let t(o) be the first derivative of -o**2 + 5*o + 2. Determine t(f).
-3
Let p(g) be the first derivative of -5*g**4/4 + 2*g**3/3 - g - 30. What is p(1)?
-4
Let x(g) = 2*g + 3*g - 2*g + 5. Let h(s) = -2*s + 1. Let d be h(-1). Suppose 0 = -3*u + 3*v - d, 2*u - v + 16 = -2*u. Determine x(u).
-10
Let g(c) = -c**2 + 18. Let a be g(0). Let j(n) = -a - n**2 - 8*n - n + 8*n. What is j(0)?
-18
Let q(r) be the third derivative of -r**5/30 - r**4/12 + 2*r**3/3 - 13*r**2. Determine q(-3).
-8
Suppose 0 = -3*q - 0 + 6. Let g(j) = j**3 + j - 1 + 3*j**q - 1 - 2*j. Let u = -9 - -6. What is g(u)?
1
Suppose 3*t - 3*z = -t, 2*t + 5*z = 0. Suppose t = -2*a + 31 - 3. Suppose -a = -5*v - y, 0 = 2*v - 4*v - 3*y + 3. Let h(r) = -r + 3. Determine h(v).
0
Let o(h) be the second derivative of h**7/168 + h**6/180 - h**4/24 - 2*h**3/3 + 2*h. Let d(c) be the second derivative of o(c). Calculate d(1).
6
Suppose 0 = 4*i - 30 + 14. Let c(m) be the third derivative of -1/20*m**5 + 0*m + 3*m**2 + 0*m**3 + 1/8*m**i + 0 + 1/120*m**6. Determine c(2).
2
Suppose 0 = -4*o - o - 4*h + 41, 2*h = -2*o + 18. Let l(t) = 2*t - 2*t + 2*t - 5. Give l(o).
5
Suppose 4*m = -4*s + 3*s - 14, 22 = 2*s - 2*m. Let h(g) = g**3 - 6*g**2. Give h(s).
0
Let b(k) be the first derivative of k**4/12 + k**3/2 + k**2/2 + 3*k + 4. Let g(i) be the first derivative of b(i). Determine g(-3).
1
Let r(c) = -c + 2 + 4*c**2 - 2*c**2 + 4*c. Let s be 26/(-10) - (-32)/(-80). Give r(s).
11
Let l = 4 + -3. Let d = l - -1. Let m(u) = -3*u**2 + 0*u**2 - 1 + u + 5*u**2. Determine m(d).
9
Let n(f) = 0*f**2 - 7*f - 2*f**2 + 9*f**2 - 1 - f**3. What is n(6)?
-7
Let o be 7 - 2 - (5 + -3). Let a(z) = -3 - 1 - z + o. Give a(4).
-5
Let z(o) be the first derivative of -1/3*o**3 - 1/60*o**5 - 4 + 0*o + 1/12*o**4 + 1/360*o**6 + 0*o**2. Let d(x) be the third derivative of z(x). Give d(2).
2
Let t(d) = -9*d - 3. Let v be 5/10 + 18/4. Let f(p) = -p - 1. Let a(i) = v*f(i) - t(i). Give a(3).
10
Let k(g) = 6*g - 1 - 3*g + 0*g + 8*g. Determine k(1).
10
Let v(b) = -b**2 + 4*b - 1. Suppose -w = 4*w - 25. Suppose w*x + 1 = j + 21, -4*j = 2*x - 8. Suppose x*m = m + 15. Give v(m).
-6
Let g(f) = -f**3 - 5. Let m(j) = j**3 - 4*j**2 - 4*j - 5. Let o be m(5). Suppose -2*r = -o*r. What is g(r)?
-5
Suppose 2*l - 4*l = 5*a + 33, -35 = 3*a + 5*l. Let b(c) be the first derivative of -6*c - 1 - 3/2*c**2. Determine b(a).
9
Let h be (-6)/(-21) - (-23)/(-7). Let s be (-4)/(h*(-2)/6). Let z(p) = p - p + 3*p - 4*p - p**2 + 5. Give z(s).
-7
Suppose 4*f + 18 = 5*v, -5*f - 6 = -3*v - 3. Let s(x) = -x**3 + 7*x**2 - 5*x - 4. Calculate s(v).
2
Let q(k) = 11*k**3 - 5*k**2 + 10*k + 3. Let f(w) be the second derivative of -w**5/4 + w**4/4 - 5*w**3/6 - w**2/2 + 4*w. Let s(p) = -9*f(p) - 4*q(p). Give s(6).
-9
Let y be 10/(-1)*(-16)/20. Let c(h) = h**3 - 7*h**2 - 9*h + 12. Let l be c(y). Suppose x - 4 = l*j - 3*x, -3*x + 7 = j. Let w(b) = -6*b. What is w(j)?
-6
Let x(k) = -k + 1. Let f(r) = 12*r**2 + r. Let b be f(-1). Let n be -4 - 1*12/(-1). Let p = n - b. Determine x(p).
4
Let z(f) = -8*f - 3. Suppose 51 = -2*g + 11. Let n be g/3 - (-2)/3. Let s = -8 - n. Determine z(s).
13
Let l(o) = o**2 - 3*o - 4. Suppose 0 = 2*s + 4*p + 6, 5*s + p - 6 = -2*p. What is l(s)?
-4
Let v be (0 - 3) + -1 + 0. Let z(r) = -r**2 - 4*r - 4. Determine z(v).
-4
Let t(c) = -12*c**2 + 3*c + 4. Let b(s) = -11*s**2 + 2*s + 3. Let g(q) = -4*b(q) + 3*t(q). Let w be (2 + -1)/1*1. Let a be (w/(-2))/(2/4). Determine g(a).
7
Suppose -2*w - 9 = -5*w - 4*v, -4*v - 9 = -3*w. Let y(n) = n**2 + 2*n - 1. Let p be y(1). Let k(h) = 3*h**p + 4 + 3*h - 3*h - h**3. Calculate k(w).
4
Suppose 3*h + 0 = -x - 8, -5*x + 5*h = 20. Let o(d) = d**2 + 5*d + 4. Give o(x).
4
Let h(c) = c**2 + 2*c - 2. Let x = -10 - -14. Let n be x - (-2 - -6 - -3). Calculate h(n).
1
Let m(j) = j**3 + 2*j**2 - 7*j + 10. Let y(r) = 0 + 2 - r**2 - 5 + 2. Let n(l) = -m(l) - 4*y(l). Give n(4).
-10
Suppose -7 - 45 = 52*r. Let w(q) = 1 - q**3 + q + 4*q**3 - q**3 + q**2. Calculate w(r).
-1
Suppose 2*p - 5*b + 6 = -p, -5*p - 4*b - 47 = 0. Let z(f) = f**3 + 6*f**2 - 7*f - 5. Determine z(p).
-5
Let j(a) = -a**3 + 6*a**2 + 2*a - 9. Let n(o) = -1 - 5*o - 1 + 3. Let q be n(-1). Calculate j(q).
3
Let y(r) be the second derivative of r**4/3 + 4*r**3/3 - 5*r. Let k(t) = 3*t**2 + 7*t + 1. Let b(i) = 3*k(i) - 2*y(i). Calculate b(-3).
-3
Let n(m) = -4*m + 1. Let t be n(-1). Let j(l) be the second derivative of 5/2*l**2 + 1/20*l**5 - 3*l + 0 - 1/3*l**4 - 5/6*l**3. Determine j(t).
5
Let l(o) = o**3 - 5*o**2 + 4*o + 2. Let f be l(4). Suppose a = -0 + f. Let h(v) = 3 - 2 + 6*v + 1 + v**3 - 6*v**a. Give h(5).
7
Let y(x) = -x + 3. Let z(i) = 4*i**2 - 2*i - 1. Let c be (2 - 3 - -4) + -1. Suppose -c*l = 5*u - 3, u + 2*u - 13 = -4*l. Let d be z(u). Calculate y(d).
-2
Let q(g) = -g**3 - 4*g**2 + 4*g - 2. Let j(s) = -7*s + 9. Let u be j(2). Calculate q(u).
3
Let t(x) = -6*x**2 + 12*x + 2. Let l(q) = 